[INFO] fetching crate solana-cli 1.3.4...
[INFO] checking solana-cli-1.3.4 against master#cfbc6d4cf1acbac5c025acf8ed68929caa551df3 for pr-75494-beta
[INFO] extracting crate solana-cli 1.3.4 into /workspace/builds/worker-8/source
[INFO] validating manifest of crates.io crate solana-cli 1.3.4 on toolchain cfbc6d4cf1acbac5c025acf8ed68929caa551df3
[INFO] running `Command { std: "/workspace/cargo-home/bin/cargo" "+cfbc6d4cf1acbac5c025acf8ed68929caa551df3" "read-manifest" "--manifest-path" "Cargo.toml", kill_on_drop: false }`
[INFO] started tweaking crates.io crate solana-cli 1.3.4
[INFO] finished tweaking crates.io crate solana-cli 1.3.4
[INFO] tweaked toml for crates.io crate solana-cli 1.3.4 written to /workspace/builds/worker-8/source/Cargo.toml
[INFO] crate crates.io crate solana-cli 1.3.4 already has a lockfile, it will not be regenerated
[INFO] running `Command { std: "/workspace/cargo-home/bin/cargo" "+cfbc6d4cf1acbac5c025acf8ed68929caa551df3" "fetch" "--locked" "--manifest-path" "Cargo.toml", kill_on_drop: false }`
[INFO] running `Command { std: "docker" "create" "-v" "/var/lib/crater-agent-workspace/builds/worker-8/target:/opt/rustwide/target:rw,Z" "-v" "/var/lib/crater-agent-workspace/builds/worker-8/source:/opt/rustwide/workdir:ro,Z" "-v" "/var/lib/crater-agent-workspace/cargo-home:/opt/rustwide/cargo-home:ro,Z" "-v" "/var/lib/crater-agent-workspace/rustup-home:/opt/rustwide/rustup-home:ro,Z" "-e" "SOURCE_DIR=/opt/rustwide/workdir" "-e" "CARGO_TARGET_DIR=/opt/rustwide/target" "-e" "CARGO_HOME=/opt/rustwide/cargo-home" "-e" "RUSTUP_HOME=/opt/rustwide/rustup-home" "-w" "/opt/rustwide/workdir" "-m" "1610612736" "--user" "0:0" "--network" "none" "rustops/crates-build-env@sha256:a636fd89d022f18117e1dc8fb37a0a009933cdbbe082814857f0e2024962d47c" "/opt/rustwide/cargo-home/bin/cargo" "+cfbc6d4cf1acbac5c025acf8ed68929caa551df3" "metadata" "--no-deps" "--format-version=1", kill_on_drop: false }`
[INFO] [stdout] b63c38ef947b68fd3257b29addb8df119414d5eb07473aad9ab6c36f8954de1d
[INFO] [stderr] WARNING: Your kernel does not support swap limit capabilities or the cgroup is not mounted. Memory limited without swap.
[INFO] running `Command { std: "docker" "start" "-a" "b63c38ef947b68fd3257b29addb8df119414d5eb07473aad9ab6c36f8954de1d", kill_on_drop: false }`
[INFO] running `Command { std: "docker" "inspect" "b63c38ef947b68fd3257b29addb8df119414d5eb07473aad9ab6c36f8954de1d", kill_on_drop: false }`
[INFO] running `Command { std: "docker" "rm" "-f" "b63c38ef947b68fd3257b29addb8df119414d5eb07473aad9ab6c36f8954de1d", kill_on_drop: false }`
[INFO] [stdout] b63c38ef947b68fd3257b29addb8df119414d5eb07473aad9ab6c36f8954de1d
[INFO] running `Command { std: "docker" "create" "-v" "/var/lib/crater-agent-workspace/builds/worker-8/target:/opt/rustwide/target:rw,Z" "-v" "/var/lib/crater-agent-workspace/builds/worker-8/source:/opt/rustwide/workdir:ro,Z" "-v" "/var/lib/crater-agent-workspace/cargo-home:/opt/rustwide/cargo-home:ro,Z" "-v" "/var/lib/crater-agent-workspace/rustup-home:/opt/rustwide/rustup-home:ro,Z" "-e" "SOURCE_DIR=/opt/rustwide/workdir" "-e" "CARGO_TARGET_DIR=/opt/rustwide/target" "-e" "CARGO_INCREMENTAL=0" "-e" "RUST_BACKTRACE=full" "-e" "RUSTFLAGS=--cap-lints=forbid" "-e" "CARGO_HOME=/opt/rustwide/cargo-home" "-e" "RUSTUP_HOME=/opt/rustwide/rustup-home" "-w" "/opt/rustwide/workdir" "-m" "1610612736" "--user" "0:0" "--network" "none" "rustops/crates-build-env@sha256:a636fd89d022f18117e1dc8fb37a0a009933cdbbe082814857f0e2024962d47c" "/opt/rustwide/cargo-home/bin/cargo" "+cfbc6d4cf1acbac5c025acf8ed68929caa551df3" "check" "--frozen" "--all" "--all-targets" "--message-format=json", kill_on_drop: false }`
[INFO] [stdout] 08334dd97f3bcc1a0f92af7de9d9921c13c25549433e695b0419142df93a900b
[INFO] [stderr] WARNING: Your kernel does not support swap limit capabilities or the cgroup is not mounted. Memory limited without swap.
[INFO] running `Command { std: "docker" "start" "-a" "08334dd97f3bcc1a0f92af7de9d9921c13c25549433e695b0419142df93a900b", kill_on_drop: false }`
[INFO] [stderr]     Checking humantime v2.0.1
[INFO] [stderr]     Checking pretty-hex v0.1.1
[INFO] [stderr]    Compiling cast v0.2.3
[INFO] [stderr]     Checking signal-hook-registry v1.2.1
[INFO] [stderr]     Checking rand_os v0.1.3
[INFO] [stderr]     Checking dirs-sys v0.3.5
[INFO] [stderr]     Checking rand v0.4.6
[INFO] [stderr]     Checking users v0.10.0
[INFO] [stderr]     Checking unix_socket2 v0.5.4
[INFO] [stderr]     Checking nix v0.17.0
[INFO] [stderr]     Checking futures-cpupool v0.1.8
[INFO] [stderr]     Checking core_affinity v0.5.10
[INFO] [stderr]    Compiling tokio-macros v0.2.5
[INFO] [stderr]    Compiling tracing-attributes v0.1.11
[INFO] [stderr]    Compiling time-macros-impl v0.1.1
[INFO] [stderr]    Compiling prost-derive v0.6.1
[INFO] [stderr]    Compiling async-stream-impl v0.2.1
[INFO] [stderr]    Compiling enum-iterator-derive v0.6.0
[INFO] [stderr]    Compiling async-trait v0.1.38
[INFO] [stderr]     Checking globset v0.4.5
[INFO] [stderr]     Checking console v0.12.0
[INFO] [stderr]     Checking hyper v0.10.16
[INFO] [stderr]    Compiling openssl-sys v0.9.58
[INFO] [stderr]    Compiling rand_pcg v0.2.1
[INFO] [stderr]     Checking mio-extras v2.0.6
[INFO] [stderr]     Checking http v0.1.21
[INFO] [stderr]     Checking string v0.2.1
[INFO] [stderr]     Checking tokio-buf v0.1.1
[INFO] [stderr]     Checking sha-1 v0.8.2
[INFO] [stderr]     Checking pin-project v0.4.23
[INFO] [stderr]     Checking serde v1.0.115
[INFO] [stderr]     Checking thiserror v1.0.20
[INFO] [stderr]     Checking scroll v0.10.1
[INFO] [stderr]     Checking dirs v2.0.2
[INFO] [stderr]     Checking rand v0.6.5
[INFO] [stderr]    Compiling rand v0.7.3
[INFO] [stderr]     Checking indicatif v0.15.0
[INFO] [stderr]     Checking tower-discover v0.3.0
[INFO] [stderr]     Checking tower-load-shed v0.3.0
[INFO] [stderr]     Checking jemalloc-sys v0.3.2
[INFO] [stderr]     Checking zstd-sys v1.4.17+zstd.1.4.5
[INFO] [stderr]     Checking goblin v0.2.3
[INFO] [stderr]     Checking enum-iterator v0.6.0
[INFO] [stderr]     Checking tokio v0.2.22
[INFO] [stderr]     Checking time-macros v0.1.0
[INFO] [stderr]     Checking futures-util v0.3.5
[INFO] [stderr]     Checking jemallocator v0.3.2
[INFO] [stderr]     Checking jemalloc-ctl v0.3.3
[INFO] [stderr]     Checking criterion-stats v0.3.0
[INFO] [stderr]    Compiling openssl v0.10.30
[INFO] [stderr]    Compiling native-tls v0.2.4
[INFO] [stderr]     Checking zstd-safe v2.0.5+zstd.1.4.5
[INFO] [stderr]     Checking time v0.2.16
[INFO] [stderr]    Compiling bindgen v0.53.3
[INFO] [stderr]    Compiling tempfile v3.1.0
[INFO] [stderr]     Checking async-stream v0.2.1
[INFO] [stderr]     Checking ws v0.9.1
[INFO] [stderr]     Checking http-body v0.1.0
[INFO] [stderr]     Checking h2 v0.1.26
[INFO] [stderr]     Checking zstd v0.5.3+zstd.1.4.5
[INFO] [stderr]     Checking dialoguer v0.6.2
[INFO] [stderr]     Checking ctrlc v3.1.6
[INFO] [stderr]     Checking prost v0.6.1
[INFO] [stderr]     Checking tracing v0.1.19
[INFO] [stderr]     Checking hyper v0.12.35
[INFO] [stderr]     Checking tracing-futures v0.2.4
[INFO] [stderr]     Checking prost-types v0.6.1
[INFO] [stderr]     Checking serde_json v1.0.57
[INFO] [stderr]     Checking backtrace v0.3.50
[INFO] [stderr]     Checking serde_urlencoded v0.6.1
[INFO] [stderr]     Checking ed25519 v1.0.1
[INFO] [stderr]     Checking bv v0.11.1
[INFO] [stderr]     Checking serde_bytes v0.11.5
[INFO] [stderr]     Checking bincode v1.3.1
[INFO] [stderr]     Checking chrono v0.4.15
[INFO] [stderr]     Checking generic-array v0.14.4
[INFO] [stderr]     Checking serde_yaml v0.8.13
[INFO] [stderr]     Checking raptorq v1.4.2
[INFO] [stderr]     Checking tokio-util v0.3.1
[INFO] [stderr]     Checking tokio-rustls v0.14.0
[INFO] [stderr]     Checking tower-load v0.3.0
[INFO] [stderr]     Checking tower-make v0.3.0
[INFO] [stderr]     Checking tower-buffer v0.3.0
[INFO] [stderr]     Checking tower-retry v0.3.0
[INFO] [stderr]     Checking tower-timeout v0.3.0
[INFO] [stderr]     Checking backoff v0.2.1
[INFO] [stderr]     Checking ed25519-dalek v1.0.0-pre.4
[INFO] [stderr]     Checking tokio-tls v0.3.1
[INFO] [stderr]     Checking tokio-tls v0.2.1
[INFO] [stderr]     Checking tungstenite v0.10.1
[INFO] [stderr]     Checking failure v0.1.8
[INFO] [stderr]     Checking h2 v0.2.6
[INFO] [stderr]     Checking tower-ready-cache v0.3.1
[INFO] [stderr]     Checking tower-util v0.3.1
[INFO] [stderr]     Checking futures-executor v0.3.5
[INFO] [stderr]     Checking tower-limit v0.3.1
[INFO] [stderr]     Checking solana_rbpf v0.1.28
[INFO] [stderr]    Compiling toml v0.5.6
[INFO] [stderr]     Checking jsonrpc-core v14.2.0
[INFO] [stderr]     Checking smpl_jwt v0.5.0
[INFO] [stderr]     Checking solana-cli-config v1.3.4
[INFO] [stderr]     Checking websocket-base v0.24.0
[INFO] [stderr]     Checking futures v0.3.5
[INFO] [stderr]     Checking tower-balance v0.3.0
[INFO] [stderr]     Checking tiny-bip39 v0.7.3
[INFO] [stderr]     Checking sysctl v0.4.0
[INFO] [stderr]     Checking tower v0.3.1
[INFO] [stderr]     Checking websocket v0.24.0
[INFO] [stderr]     Checking jsonrpc-server-utils v14.2.0
[INFO] [stderr]     Checking jsonrpc-pubsub v14.2.0
[INFO] [stderr]     Checking jsonrpc-client-transports v14.2.1
[INFO] [stderr]     Checking jsonrpc-http-server v14.2.0
[INFO] [stderr]     Checking jsonrpc-ws-server v14.2.0
[INFO] [stderr]    Compiling cbindgen v0.14.2
[INFO] [stderr]    Compiling proc-macro-crate v0.1.5
[INFO] [stderr]     Checking jsonrpc-core-client v14.2.0
[INFO] [stderr]    Compiling jsonrpc-derive v14.2.1
[INFO] [stderr]    Compiling librocksdb-sys v6.7.4
[INFO] [stderr]     Checking hyper v0.13.7
[INFO] [stderr]    Compiling spl-token v1.0.8
[INFO] [stderr] error: could not compile `hyper`.
[INFO] [stderr] 
[INFO] [stderr] Caused by:
[INFO] [stderr]   process didn't exit successfully: `rustc --crate-name hyper --edition=2018 /opt/rustwide/cargo-home/registry/src/github.com-1ecc6299db9ec823/hyper-0.13.7/src/lib.rs --error-format=json --json=diagnostic-rendered-ansi --crate-type lib --emit=dep-info,metadata -Cembed-bitcode=no -C debuginfo=2 --cfg 'feature="default"' --cfg 'feature="runtime"' --cfg 'feature="socket2"' --cfg 'feature="stream"' --cfg 'feature="tcp"' -C metadata=a9d9fcffbb2f5a4c -C extra-filename=-a9d9fcffbb2f5a4c --out-dir /opt/rustwide/target/debug/deps -L dependency=/opt/rustwide/target/debug/deps --extern bytes=/opt/rustwide/target/debug/deps/libbytes-c5714e68d7e46dbf.rmeta --extern futures_channel=/opt/rustwide/target/debug/deps/libfutures_channel-07962c1977eb0e0c.rmeta --extern futures_core=/opt/rustwide/target/debug/deps/libfutures_core-25a144c7672517b1.rmeta --extern futures_util=/opt/rustwide/target/debug/deps/libfutures_util-6881319c6fda679f.rmeta --extern h2=/opt/rustwide/target/debug/deps/libh2-3a43ddba14c0aab5.rmeta --extern http=/opt/rustwide/target/debug/deps/libhttp-31ac34cf24485f47.rmeta --extern http_body=/opt/rustwide/target/debug/deps/libhttp_body-4df6284c6d8b402b.rmeta --extern httparse=/opt/rustwide/target/debug/deps/libhttparse-321b6e47239af88c.rmeta --extern itoa=/opt/rustwide/target/debug/deps/libitoa-4c2cf7a9a88b1500.rmeta --extern pin_project=/opt/rustwide/target/debug/deps/libpin_project-607d41592f512a83.rmeta --extern socket2=/opt/rustwide/target/debug/deps/libsocket2-d743413c67c4b2bf.rmeta --extern time=/opt/rustwide/target/debug/deps/libtime-6d9815dad6386e48.rmeta --extern tokio=/opt/rustwide/target/debug/deps/libtokio-8ee21507c2cb9dc9.rmeta --extern tower_service=/opt/rustwide/target/debug/deps/libtower_service-f0af52d3eeda61e7.rmeta --extern tracing=/opt/rustwide/target/debug/deps/libtracing-2dac1bcda7468e37.rmeta --extern want=/opt/rustwide/target/debug/deps/libwant-aae3c01a850659d8.rmeta --cap-lints allow --cap-lints=forbid` (signal: 9, SIGKILL: kill)
[INFO] [stderr] warning: build failed, waiting for other jobs to finish...
[INFO] [stderr] The following warnings were emitted during compilation:
[INFO] [stderr] 
[INFO] [stderr] warning: c++: fatal error: Killed signal terminated program cc1plus
[INFO] [stderr] warning: compilation terminated.
[INFO] [stderr] warning: c++: fatal error: Killed signal terminated program cc1plus
[INFO] [stderr] warning: compilation terminated.
[INFO] [stderr] warning: c++: fatal error: Killed signal terminated program cc1plus
[INFO] [stderr] warning: compilation terminated.
[INFO] [stderr] warning: c++: fatal error: Killed signal terminated program cc1plus
[INFO] [stderr] warning: compilation terminated.
[INFO] [stderr] warning: c++: fatal error: Killed signal terminated program cc1plus
[INFO] [stderr] warning: compilation terminated.
[INFO] [stderr] warning: c++: fatal error: Killed signal terminated program cc1plus
[INFO] [stderr] warning: compilation terminated.
[INFO] [stderr] warning: c++: fatal error: Killed signal terminated program cc1plus
[INFO] [stderr] warning: compilation terminated.
[INFO] [stderr] warning: c++: fatal error: Killed signal terminated program cc1plus
[INFO] [stderr] warning: compilation terminated.
[INFO] [stderr] warning: c++: fatal error: Killed signal terminated program cc1plus
[INFO] [stderr] warning: compilation terminated.
[INFO] [stderr] warning: c++: fatal error: Killed signal terminated program cc1plus
[INFO] [stderr] warning: compilation terminated.
[INFO] [stderr] warning: c++: fatal error: Killed signal terminated program cc1plus
[INFO] [stderr] warning: compilation terminated.
[INFO] [stderr] warning: c++: fatal error: Killed signal terminated program cc1plus
[INFO] [stderr] warning: compilation terminated.
[INFO] [stderr] warning: c++: fatal error: Killed signal terminated program cc1plus
[INFO] [stderr] warning: compilation terminated.
[INFO] [stderr] 
[INFO] [stderr] error: build failed
[INFO] running `Command { std: "docker" "inspect" "08334dd97f3bcc1a0f92af7de9d9921c13c25549433e695b0419142df93a900b", kill_on_drop: false }`
[INFO] running `Command { std: "docker" "rm" "-f" "08334dd97f3bcc1a0f92af7de9d9921c13c25549433e695b0419142df93a900b", kill_on_drop: false }`
[INFO] [stdout] 08334dd97f3bcc1a0f92af7de9d9921c13c25549433e695b0419142df93a900b
